ime factors of 6302?
2, 23, 137
List the prime factors of 86175.
3, 5, 383
List the prime factors of 3690.
2, 3, 5, 41
List the prime factors of 53840.
2, 5, 673
What are the prime factors of 16704?
2, 3, 29
What are the prime factors of 1343?
17, 79
List the prime factors of 4467.
3, 1489
What are the prime factors of 18740?
2, 5, 937
What are the prime factors of 42479?
107, 397
What are the prime factors of 538?
2, 269
What are the prime factors of 1623?
3, 541
What are the prime factors of 16108?
2, 4027
What are the prime factors of 172?
2, 43
List the prime factors of 446.
2, 223
What are the prime factors of 852?
2, 3, 71
What are the prime factors of 77385?
3, 5, 7, 11, 67
List the prime factors of 74.
2, 37
What are the prime factors of 56240?
2, 5, 19, 37
What are the prime factors of 57745?
5, 11549
What are the prime factors of 64882?
2, 32441
List the prime factors of 30917.
43, 719
List the prime factors of 313.
313
List the prime factors of 105434.
2, 7, 17, 443
List the prime factors of 287.
7, 41
What are the prime factors of 91028?
2, 7, 3251
List the prime factors of 122067.
3, 11, 137
What are the prime factors of 250?
2, 5
List the prime factors of 626.
2, 313
What are the prime factors of 169825?
5, 6793
List the prime factors of 58743.
3, 61, 107
What are the prime factors of 3362?
2, 41
List the prime factors of 94595.
5, 18919
What are the prime factors of 6630?
2, 3, 5, 13, 17
List the prime factors of 26127.
3, 2903
List the prime factors of 11708.
2, 2927
What are the prime factors of 382?
2, 191
List the prime factors of 64160.
2, 5, 401
What are the prime factors of 108137?
17, 6361
What are the prime factors of 28570?
2, 5, 2857
What are the prime factors of 7320?
2, 3, 5, 61
List the prime factors of 7160.
2, 5, 179
List the prime factors of 17881.
17881
What are the prime factors of 271?
271
List the prime factors of 38514.
2, 3, 7, 131
List the prime factors of 34335.
3, 5, 7, 109
List the prime factors of 78929.
78929
What are the prime factors of 118?
2, 59
What are the prime factors of 75460?
2, 5, 7, 11
List the prime factors of 2396.
2, 599
List the prime factors of 352.
2, 11
What are the prime factors of 802?
2, 401
List the prime factors of 2772.
2, 3, 7, 11
What are the prime factors of 3240?
2, 3, 5
List the prime factors of 4955.
5, 991
What are the prime factors of 5343?
3, 13, 137
What are the prime factors of 158091?
3, 52697
List the prime factors of 121568.
2, 29, 131
What are the prime factors of 6718?
2, 3359
List the prime factors of 6738.
2, 3, 1123
List the prime factors of 3141.
3, 349
What are the prime factors of 1732?
2, 433
List the prime factors of 200747.
103, 1949
What are the prime factors of 797?
797
What are the prime factors of 29423?
29423
What are the prime factors of 2222?
2, 11, 101
What are the prime factors of 33469?
33469
What are the prime factors of 9760?
2, 5, 61
List the prime factors of 15997.
17, 941
List the prime factors of 1027.
13, 79
What are the prime factors of 1309?
7, 11, 17
List the prime factors of 497.
7, 71
List the prime factors of 35395.
5, 7079
What are the prime factors of 31902?
2, 3, 13, 409
List the prime factors of 59087.
7, 23, 367
What are the prime factors of 18?
2, 3
List the prime factors of 54.
2, 3
List the prime factors of 135952.
2, 29, 293
List the prime factors of 82.
2, 41
What are the prime factors of 77414?
2, 38707
List the prime factors of 102460.
2, 5, 47, 109
What are the prime factors of 276?
2, 3, 23
List the prime factors of 195.
3, 5, 13
List the prime factors of 14994.
2, 3, 7, 17
List the prime factors of 3185.
5, 7, 13
List the prime factors of 722.
2, 19
List the prime factors of 120195.
3, 5, 2671
List the prime factors of 18497.
53, 349
What are the prime factors of 10957?
10957
List the prime factors of 49721.
7, 7103
List the prime factors of 116.
2, 29
What are the prime factors of 18426?
2, 3, 37, 83
List the prime factors of 13694.
2, 41, 167
List the prime factors of 68205.
3, 5, 4547
What are the prime factors of 614?
2, 307
What are the prime factors of 58212?
2, 3, 7, 11
List the prime factors of 354.
2, 3, 59
What are the prime factors of 93654?
2, 3, 11, 43
What are the prime factors of 51901?
17, 43, 71
What are the prime factors of 9198?
2, 3, 7, 73
List the prime factors of 109300.
2, 5, 1093
What are the prime factors of 1659?
3, 7, 79
What are the prime factors of 28883?
17, 1699
List the prime factors of 6131.
6131
What are the prime factors of 1343?
17, 79
List the prime factors of 379.
379
List the prime factors of 1560.
2, 3, 5, 13
What are the prime factors of 106344?
2, 3, 7, 211
What are the prime factors of 2776?
2, 347
What are the prime factors of 17594?
2, 19, 463
What are the prime factors of 181?
181
What are the prime factors of 110804?
2, 27701
List the prime factors of 918.
2, 3, 17
What are the prime factors of 26970?
2, 3, 5, 29, 31
What are the prime factors of 470?
2, 5, 47
What are the prime factors of 6511?
17, 383
What are the prime factors of 49309?
13, 3793
List the prime factors of 522.
2, 3, 29
What are the prime factors of 25373?
25373
List the prime factors of 1567.
1567
List the prime factors of 43951.
43951
List the prime factors of 3141.
3, 349
List the prime factors of 6794.
2, 43, 79
What are the prime factors of 1160?
2, 5, 29
List the prime factors of 2227.
17, 131
List the prime factors of 788.
2, 197
What are the prime factors of 2609?
2609
What are the prime factors of 203?
7, 29
What are the prime factors of 394?
2, 197
List the prime factors of 647.
647
What are the prime factors of 4070?
2, 5, 11, 37
List the prime factors of 8981.
7, 1283
List the prime factors of 1686.
2, 3, 281
What are the prime factors of 183596?
2, 7, 79, 83
List the prime factors of 12755.
5, 2551
List the prime factors of 1771.
7, 11, 23
List the prime factors of 344.
2, 43
List the prime factors of 29672.
2, 3709
What are the prime factors of 75165?
3, 5, 5011
What are the prime factors of 65481?
3, 13, 23, 73
What are the prime factors of 4239?
3, 157
List the prime factors of 6741.
3, 7, 107
List the prime factors of 13587.
3, 7, 647
What are the prime factors of 1615?
5, 17, 19
What are the prime factors of 2656?
2, 83
List the prime factors of 4422.
2, 3, 11, 67
What are the prime factors of 1295?
5, 7, 37
List the prime factors of 853.
853
List the prime factors of 10650.
2, 3, 5, 71
What are the prime factors of 5499?
3, 13, 47
What are the prime factors of 548?
2, 137
What are the prime factors of 29250?
2, 3, 5, 13
List the prime factors of 915.
3, 5, 61
What are the prime factors of 2601?
3, 17
What are the prime factors of 2685?
3, 5, 179
What are the prime factors of 293?
293
What are the prime factors of 49412?
2, 11, 1123
List the prime factors of 16758.
2, 3, 7, 19
What are the prime factors of 48728?
2, 6091
List the prime factors of 19139.
19139
List the prime factors of 2362.
2, 1181
What are the prime factors of 78622?
2, 19, 2069
What are the prime factors of 3748?
2, 937
What are the prime factors of 22512?
2, 3, 7, 67
What are the prime factors of 17726?
2, 8863
List the prime factors of 67164.
2, 3, 29, 193
List the prime factors of 10737.
3, 1193
List the prime factors of 35613.
3, 1319
List the prime factors of 1010.
2, 5, 101
List the prime factors of 7126.
2, 7, 509
List the prime factors of 65470.
2, 5, 6547
What are the prime factors of 933?
3, 311
List the prime factors of 9560.
2, 5, 239
List the prime factors of 1661.
11, 151
What are the prime factors of 5942?
2, 2971
What are the prime factors of 789?
3, 263
List the prime factors of 1888.
2, 59
List the prime factors of 56471.
149, 379
List the prime factors of 63729.
3, 73, 97
List the prime factors of 6294.
2, 3, 1049
List the prime factors of 22142.
2, 11071
What are the prime factors of 868?
2, 7, 31
List the prime factors of 116036.
2, 29009
List the prime factors of 16501.
29, 569
What are the prime factors of 242?
2, 11
List the prime factors of 34025.
5, 1361
What are the prime factors of 66797?
66797
What are the prime factors of 1210?
2, 5, 11
What are the prime factors of 4335?
3, 5, 17
What are the prime factors of 5159?
7, 11, 67
What are the prime factors of 25201?
11, 29, 79
What a